e
Let z(d) be the first derivative of 290*d**3/3 + d + 5. Is z(-1) a composite number?
True
Suppose -30 = 8*j - 3*j. Let u(i) = -i**3 - 5*i**2 + 4*i + 1. Is u(j) composite?
False
Let x(k) = k**3 + 21*k**2 + 12*k + 11. Let w be x(-8). Suppose -q + 299 = 2*t - 2*q, w = 5*t - 2*q. Is t prime?
True
Is 5255/10 + 9/6 composite?
True
Let p = -51 + 96. Let r = 1 + p. Is r a prime number?
False
Let b(q) = -q**3 + 2. Is b(-5) a composite number?
False
Let i = 3 - -1. Suppose x - p + 10 = p, -4*x - 3*p + i = 0. Is ((-13)/1 - -2)*x a composite number?
True
Suppose x - 12 = -2*c, 5*c - 2*x = -x + 23. Suppose -2*l - 3*i + 1530 - 35 = 0, c*i = -2*l + 1493. Is l prime?
False
Suppose 5*f = 5 + 10. Suppose 5*a + f*x - 958 = 0, -4*a - 155 = 4*x - 923. Is a prime?
True
Let y = 56 - -88. Suppose -y = -5*h + 121. Is h composite?
False
Is 1/3 - 18176/(-48) a prime number?
True
Suppose 4*m + 7 = 19. Is m a prime number?
True
Let v(k) = -4 + 4 - k. Let a be v(-2). Suppose -7*d + a*d + 455 = 0. Is d prime?
False
Suppose 3*t = 9*t - 8886. Is t prime?
True
Let i be ((-81)/2)/(30/(-40)). Suppose -s + i = -13. Is s prime?
True
Let k = 4038 - 1517. Is k composite?
False
Let v be 6/4*-2 + 0. Let r(w) = -40*w + 5*w**2 - w**3 + 43*w - 1 - w**3. Is r(v) a composite number?
False
Let s(h) be the third derivative of 3*h**5/10 + h**4/24 + 4*h**2. Is s(2) prime?
False
Let d = 1 - -3. Suppose 2*t = 5*p - 2*t - 573, d*p - 462 = 5*t. Is p a composite number?
False
Let a = 29 + -27. Suppose 0 = -4*b + 2*t + 740, -b + a*b = -5*t + 207. Is b a composite number?
True
Let d(g) = 5 + g - 4 + 2 - 2. Let f be d(0). Is (-149)/(-2 - -1)*f composite?
False
Suppose 0 = -4*u + a + 636, -4*u + 620 = -a + 4*a. Suppose 4*v - g = u, v - g = -2*v + 118. Suppose -c = -5*c + v. Is c a prime number?
False
Let m(x) = 10 + 8 + x - 7. Let f be m(-8). Suppose f*w - 104 = -4*b + 20, b = 4*w + 31. Is b a composite number?
False
Let d = -6 + 11. Suppose l + 4*t = 3*l - 102, -5*l + d*t + 260 = 0. Is l a prime number?
True
Let n = -38 + 17. Let q = n + 13. Let x(v) = -3*v - 11. Is x(q) a prime number?
True
Let x(d) = 68*d + 7. Is x(3) a prime number?
True
Let y be (-308)/(-20) + 8/(-20). Is 10*9 - 45/y a composite number?
True
Let n = 6 + -6. Suppose g - 5*g + 12 = n. Is g a composite number?
False
Let o be 4/(-5) + (-3)/15. Let r be -5*(1 + -1 + o). Suppose 2*h - r*t = 31, 3*h - 4*t = -6*t - 1. Is h a composite number?
False
Let a be 1*(0/(-1) + -9). Let r(c) = -c**3 - 8*c**2 + 6*c + 11. Is r(a) a prime number?
False
Let l = -10 + 36. Let b = l + 5. Is b a prime number?
True
Suppose -389 = -3*z + 6*b - 2*b, 4*b + 258 = 2*z. Is z composite?
False
Suppose 0 = -4*p + 3*w + 10896, 2*p = 3*w + 994 + 4460. Is p prime?
False
Let m be (18/8)/1*24. Let k = m - 15. Is k a prime number?
False
Let c = 26 + 845. Is c composite?
True
Suppose 2*a + a = -s + 120, -3*s + 204 = 5*a. Is a prime?
False
Let f = 6 + -4. Let u(t) = -2*t - 2*t - 2 + 4*t + 3*t. Is u(f) composite?
True
Let h = -63 + 472. Is h a prime number?
True
Suppose 58 = 3*t - 575. Is t a composite number?
False
Let p(t) = -8*t**3 - 23*t**2 - 11*t - 9. Is p(-10) prime?
True
Suppose 3*z - 4*z = -2*s - 429, 0 = 5*s + 5. Is z composite?
True
Let i = -2 - -5. Let d(o) = 5*o + 2. Let f be d(i). Suppose f - 121 = -4*a. Is a composite?
True
Let l(s) = -518*s + 3. Is l(-2) a composite number?
False
Suppose -u - 1 - 3 = 0, 0 = 5*j - 2*u - 8. Suppose j = f - 4*f. Suppose -3*y + 61 + 41 = f. Is y a composite number?
True
Suppose 0 = -35*f + 30*f + 4195. Is f a prime number?
True
Let a(r) = 32*r**2 - 4*r - 2. Let g be a(4). Suppose -15*s = -17*s + g. Is s prime?
False
Let z be (-2 - (-2 + 1))*-116. Let q = -68 - -19. Let v = q + z. Is v prime?
True
Suppose 207 + 57 = 4*c. Let v = -3 + 5. Suppose y = -v*y + c. Is y prime?
False
Let r = -175 - -252. Is r prime?
False
Suppose -79 = -2*o + 75. Is o a composite number?
True
Let y(r) = -2*r**3 + r**2 + 5*r + 1. Let u be y(-4). Suppose -5*g = -10*g + u. Is g a composite number?
True
Let m = -1 - -3. Suppose -m*b = -15 - 31. Is b a composite number?
False
Suppose -7*c + 8*c - 481 = 0. Is c prime?
False
Let d = -4 - 5. Is (-928)/(-6) - 3/d composite?
True
Suppose 3 = 3*f + 3*n, -f + 4*n + 11 + 10 = 0. Let l = f + 22. Suppose 0 = -2*b - 5 + l. Is b prime?
True
Suppose -4*l - 7 = -5*f, -l + 3*f = -2*l + 11. Let h(v) = -6*v**3 - l*v**2 - 35*v**3 - 24*v**3 + 11*v**3 + 1. Is h(-1) a prime number?
True
Let z = 482 + 1599. Is z composite?
False
Let p(h) = -h**2 - 12*h - 7. Let l be p(-10). Suppose -l*b = -15*b + 326. Is b a composite number?
False
Let k = -7 - -3. Let s(n) = n**2 - 3 - 1 - 1. Is s(k) a prime number?
True
Let r = 494 + -271. Is r a composite number?
False
Suppose -5*k + 8 + 7 = 0. Is (-2)/k - (-149)/3 a prime number?
False
Suppose 3*k - 969 = -72. Is k prime?
False
Let w(m) = -3*m + 2. Let j be w(6). Let g be (21/(-9))/((-3)/(-45)). Let a = j - g. Is a prime?
True
Suppose 10*a = 6*a + 1772. Is a prime?
True
Let z = 103 - -12. Is z a prime number?
False
Is -26*(0 + (-15)/6) composite?
True
Let c(y) = -y**3 - y**2 - 3*y + 1. Let v be c(2). Let j = v + 138. Is j a composite number?
True
Let u(p) = p**2 - p - 4. Is u(-13) composite?
True
Let d = -12 - -17. Suppose 0 = d*b - j - j - 111, 5*j + 15 = 0. Is b a composite number?
True
Let n = -7 + 5. Let l(k) = -3*k**3 - k**2 - 4*k - 3. Is l(n) a prime number?
False
Let y(o) = 111*o**2 + 3*o - 11. Is y(3) prime?
True
Let v(x) be the third derivative of -275*x**4/24 + 2*x**2. Let m be v(-1). Suppose -4*g + m = g. Is g a prime number?
False
Suppose 4*w - 2*j = 1953 - 121, 3*j = -2*w + 908. Is w composite?
False
Suppose 13 - 3 = 5*n - 5*j, 2*n - 5*j + 8 = 0. Suppose n*p - 51 = p - l, -2*l - 19 = -p. Let w = 18 - p. Is w composite?
False
Suppose 0 = -3*n + 425 + 496. Is n composite?
False
Let l = -37 + 395. Suppose -g + 15 = -q + 104, -l = -4*q + 3*g. Is q a composite number?
True
Let k be (-2)/6 + 22/3. Let m = -5 + k. Suppose m*s - 134 = -0*s. Is s prime?
True
Suppose -5*n = -39 - 71. Let r(f) = -f - 5. Let x be r(-5). Suppose x*h + h - n = 0. Is h composite?
True
Is (-1791)/(-15) - (-6)/(-15) a prime number?
False
Suppose -138 = -5*q + 32. Is q a composite number?
True
Let y(j) = -90*j**3 - j**2 - j + 1. Let z(s) = 90*s**3 + s**2 + s - 1. Let k(i) = -7*y(i) - 6*z(i). Is k(1) prime?
False
Suppose -3*k - 3 = 0, 4*k + k - 37 = -2*i. Is i a prime number?
False
Let h(r) = r**2 + r - 4. Let q be h(-3). Suppose 0 = q*o + o - 9. Suppose 5*v + 4*y = 335, -v + 67 = -y - o*y. Is v prime?
True
Let p(m) = -3*m - 11. Let s be -3 - 0 - (4 - 1). Is p(s) prime?
True
Suppose 2*j - 3*j = 0. Let r = j - -10. Is r a prime number?
False
Suppose -5*x + 6127 + 150 = 4*l, -3769 = -3*x - l. Is x a prime number?
False
Suppose 0 = 5*a - 3*o + 30 + 30, -5*a - 20 = 5*o. Let h(t) = t + 13. Let w be h(a). Suppose 0 = 2*k - 5*n + 2 - 56, -w*n = -16. Is k prime?
True
Let h be (-2)/(-8) + 1/(-4). Suppose h = 5*n + 1 + 4. Is n + 1 - 188/(-4) a composite number?
False
Let o(p) = p**2 + 205. Is o(0) prime?
False
Is (5 - 69/6)/((-1)/34) a prime number?
False
Suppose -x - 3 + 8 = 0. Is 393/x + (-4)/(-10) composite?
False
Suppose 0 = -f + y + 13, f + 2*y = y + 15. Let s be (-6)/(-21) - (-38)/f. Suppose 2*j + 650 = 7*j - s*h, 0 = -j + h + 132. Is j prime?
True
Let u(k) = -24*k + 7. Is u(-5) a composite number?
False
Let i = 94 - 35. Suppose -n = -4*z - i, 5*n + z + z - 339 = 0. Is n prime?
True
Let z = 1610 - 781. Is z prime?
True
Suppose 4*t - 6*t = 6. Let p = 22 + t. Is p a composite number?
False
Let u(p) = -2*p + 1. Suppose 6 = -n + 3*n. Let a(q) = q**2 - q. Let s(r) = n*a(r) - u(r). Is s(-6) composite?
False
Let f(q) = q**3 + 2*q**2 + q - 5. Let b be f(4). Suppose -27 = h - 5*p, -2*p + 16 = -3*h - 0*h. Is (3 + h)*(b - 2) composite?
True
Let b = -647 - -1260. Suppose 643 = 3*m + 2*o, -3*m + 4*o + 0*o + b = 0. Is m a prime number?
True
Suppose -t + 209 = 3*q + q, 3*t = -9. Is q a composite number?
False
Let b(s) be the third derivative of -s**5/60 + 7*s**4/24 - s**3/2 - s**2. Let c be b(6). Suppose w + 120 = c*v, 2*v + 3*v - 3*w = 204. Is v prime?
False
Let d be (9/6)/((-9)/(-12)). Let b be (1/3)/((-1)/(-1041)). Suppose -d = j, -5*n + b = -j - 250. Is n a prime number?
False
Suppose -3*l + 2*l - 15 = -5*q, 0 = -q - 5*l + 